NOAA-Style Climate Reports

Select a Year or Month report
2017: Tam Hel Maa Huh Tou Kes Hei Elo Syy Lok Mar Jou
2016: Tam Hel Maa Huh Tou Kes Hei Elo Syy Lok Mar Jou

Report for 2017 Lokakuu
                   Monthly Climatological Summary for okt. 2017

Name: Nikis weather station   City: Inkoo   State: Finland
Elevation: 15 m  Lat: N 60° 03' 16"   Lon: E 024° 01' 29"

                  Temperature (°C), Rain (mm), Wind Speed (m/s)

                                      Heat  Cool        Avg
    Mean                              Deg   Deg         Wind                 Dom
Day Temp  High   Time   Low    Time   Days  Days  Rain  Speed High   Time    Dir
----------------------------------------------------------------------------------
 1   9,0  10,7   13:08   7,7   07:30   8,7   0,0   0,0   0,1   4,9   13:54     E
 2   9,0   9,8   00:58   8,3   17:38   9,3   0,0   0,0   1,3   8,9   21:04     E
 3   8,2  10,6   23:53   6,9   04:52  10,1   0,0  24,0   1,5   9,4   08:07     E
 4  10,4  13,3   13:33   6,3   22:36   7,9   0,0  24,2   0,2   5,8   15:14     E
 5   8,4  10,6   15:56   5,3   23:59   9,9   0,0   3,0   0,0   3,6   04:24     E
 6   7,2  10,2   14:50   4,8   05:32  11,1   0,0   0,0   0,0   2,7   12:03     N
 7   7,4  10,9   12:58   5,1   06:47  10,9   0,0   4,0   0,0   3,6   13:24   ENE
 8   8,6   9,2   11:09   7,1   00:00   9,7   0,0  12,6   0,6   7,2   02:49     E
 9   7,6   9,0   11:21   6,5   21:19  10,7   0,0   8,4   0,0   4,5   22:24   NNE
10   7,6   8,9   12:48   6,7   00:00  10,7   0,0  13,8   0,1   5,4   16:35    NE
----------------------------------------------------------------------------------
     8,3  13,3     4     4,8     6    99,0   0,0  90,0   0,4   9,4     3       E

Max >=  27,0:  0
Max <=   0,0:  0
Min <=   0,0:  0
Min <= -18,0:  0
Max Rain: 24,2 on day 4
Days of Rain: 7 (>= 0,2 mm)  7 (>= 2,0 mm)  2 (>= 20,0 mm)
Heat Base: 18,3  Cool Base: 18,3  Method: Integration