NOAA-Style Climate Reports

Select a Year or Month report
2018: Tam Hel Maa Huh Tou Kes Hei Elo Syy Lok Mar Jou
2017: Tam Hel Maa Huh Tou Kes Hei Elo Syy Lok Mar Jou
2016: Tam Hel Maa Huh Tou Kes Hei Elo Syy Lok Mar Jou

Report for 2018 Helmikuu
                   Monthly Climatological Summary for feb. 2018

Name: Nikis weather station   City: Inkoo   State: Finland
Elevation: 15 m  Lat: N 60° 03' 16"   Lon: E 024° 01' 29"

                  Temperature (°C), Rain (mm), Wind Speed (m/s)

                                      Heat  Cool        Avg
    Mean                              Deg   Deg         Wind                 Dom
Day Temp  High   Time   Low    Time   Days  Days  Rain  Speed High   Time    Dir
----------------------------------------------------------------------------------
 1  -1,2   0,5   23:50  -2,0   08:18  19,5   0,0   0,0   0,8   6,7   01:34   NNE
 2   0,6   1,4   13:31  -0,1   22:53  17,7   0,0   0,2   0,0   2,7   00:28     N
 3  -4,0   0,0   00:00  -9,9   23:57  22,3   0,0   0,0   0,0   2,2   16:24   NNE
 4 -11,0  -7,9   14:37 -14,0   08:47  29,3   0,0   0,0   0,0   3,6   12:46     N
 5  -8,8  -6,0   14:41 -11,6   00:45  27,0   0,0   0,0   0,1   4,9   13:55     N
 6  -9,8  -8,2   14:29 -12,8   01:49  28,1   0,0   0,0   0,0   1,3   04:30     N
 7  -8,0  -5,8   14:35  -9,7   22:38  26,3   0,0   0,0   0,0   2,2   11:48     N
 8  -4,9  -1,1   11:14 -11,5   02:17  23,2   0,0   0,0   0,1   3,6   13:56     N
 9  -6,7  -5,6   00:00  -7,7   05:26  25,0   0,0   0,0   0,1   3,6   02:35     N
10  -6,4  -3,7   13:07  -8,2   02:59  24,7   0,0   0,0   0,0   2,2   19:52     N
11  -5,1  -3,1   13:35  -8,2   01:48  23,4   0,0   0,0   0,1   3,6   14:07     N
12  -3,0  -1,5   23:50  -4,2   07:09  21,3   0,0   0,0   0,7   5,8   12:16     N
13  -0,4   0,4   14:16  -1,5   00:00  18,7   0,0   0,0   0,6   7,2   05:23     N
14  -0,4   0,3   14:08  -1,1   19:25  18,6   0,0   0,2   0,0   2,7   11:55     N
15  -3,6  -0,7   00:00  -8,6   21:00  21,5   0,0   0,0   0,1   3,6   13:31    NE
16  -4,7  -2,7   13:00  -6,9   05:00  23,0   0,0   0,0   0,6   2,7   13:00     E
17  -6,3  -3,9   15:30 -11,4   21:00  24,6   0,0   0,0   0,5   2,2   15:30   NNE
18  -9,4  -4,6   13:00 -16,0   00:00  27,7   0,0   0,0   0,2   2,2   15:30   NNE
19 -13,1  -6,9   15:30 -17,0   02:30  31,4   0,0   0,0   0,4   1,8   13:00     N
20 -13,5  -6,6   16:00 -18,1   08:30  31,2   0,0   0,0   0,2   1,3   13:00     N
21 -15,3  -6,9   12:56 -20,4   05:25  33,5   0,0   0,0   0,0   0,9   12:25     N
----------------------------------------------------------------------------------
    -6,4   1,4     2   -20,4    21   518,0   0,0   0,4   0,2   7,2    13     NNE

Max >=  27,0:  0
Max <=   0,0: 17
Min <=   0,0: 21
Min <= -18,0:  2
Max Rain: 0,2 on day 2
Days of Rain: 2 (>= 0,2 mm)  0 (>= 2,0 mm)  0 (>= 20,0 mm)
Heat Base: 18,3  Cool Base: 18,3  Method: Integration