NOAA-Style Climate Reports

Select a Year or Month report
2017: Tam Hel Maa Huh Tou Kes Hei Elo Syy Lok Mar Jou
2016: Tam Hel Maa Huh Tou Kes Hei Elo Syy Lok Mar Jou

Report for 2017 Marraskuu
                   Monthly Climatological Summary for nov. 2017

Name: Nikis weather station   City: Inkoo   State: Finland
Elevation: 15 m  Lat: N 60° 03' 16"   Lon: E 024° 01' 29"

                  Temperature (°C), Rain (mm), Wind Speed (m/s)

                                      Heat  Cool        Avg
    Mean                              Deg   Deg         Wind                 Dom
Day Temp  High   Time   Low    Time   Days  Days  Rain  Speed High   Time    Dir
----------------------------------------------------------------------------------
 1  -0,5   2,5   12:30  -5,5   00:00  18,8   0,0   0,2   0,4   3,6   11:00     E
 2   1,0   3,9   12:00  -2,1   22:30  17,3   0,0   0,0   1,6   5,8   12:30     E
 3   1,5   6,0   00:00  -0,9   00:00  16,8   0,0   0,0   0,7   4,0   00:00     W
 4   7,2   9,1   12:00   5,8   07:00  11,1   0,0   0,2   2,9   5,8   13:00     E
 5   7,5   8,4   05:30   6,6   14:30  10,8   0,0   0,0   3,1   5,8   07:00     E
 6   6,4   7,8   15:00   0,8   00:00  11,9   0,0   0,4   2,3   4,9   10:00   ENE
 7   1,8   6,7   14:30  -1,4   07:00  16,5   0,0   0,0   0,4   3,1   13:00     W
 8   3,0   6,4   12:30  -0,7   02:30  15,3   0,0   0,0   0,8   3,6   18:00   ENE
 9   5,9   6,7   06:30   4,1   00:00  12,4   0,0   0,6   3,8   6,7   21:00     E
10   5,9   7,7   14:30   3,8   17:00  10,6   0,0   0,4   0,4   5,8   01:00     E
11   4,8   5,7   03:20   3,1   00:00  13,3   0,0   1,0   0,9   8,5   00:00     E
12   1,9   3,1   00:00   1,1   22:00  16,4   0,0   0,6   1,2   8,5   00:00     E
13   0,8   2,7   15:00  -2,1   00:00  17,5   0,0   0,0   1,3   5,4   11:00   NNW
14  -0,4   2,7   13:30  -2,2   20:30  18,7   0,0   0,2   0,2   2,2   13:00    SE
15   1,3   3,6   19:30  -1,7   00:00  17,0   0,0   0,2   0,6   5,8   00:00   WSW
16   1,7   4,6   14:30  -1,8   23:00  16,6   0,0   0,0   1,9   6,7   01:00     W
17   4,7   6,3   09:30  -1,3   00:00  13,6   0,0   0,4   3,3   7,6   07:00    NE
18   4,7   5,4   07:30   3,8   01:00  13,6   0,0   3,6   2,9   6,7   20:30   ENE
19   2,8   4,6   01:00   0,2   22:37  12,7   0,0   1,6   0,3   6,7   11:30     E
20   0,4   1,3   03:14  -0,6   22:40  17,8   0,0   0,0   0,0   2,2   20:17   NNE
21  -0,1   0,4   14:20  -0,5   07:30  18,4   0,0   0,2   0,0   2,7   01:38     N
22  -0,3   0,4   22:26  -0,8   16:14  18,6   0,0   0,4   0,1   5,4   22:42     E
23   0,9   2,8   23:14  -0,4   10:57  17,4   0,0   2,2   1,9  10,7   12:00     E
24   5,7   6,9   12:02   2,8   00:00  12,6   0,0   4,0   0,4   8,9   01:30     E
25   1,9   4,2   02:07  -1,3   19:45  16,4   0,0   3,6   0,0   1,8   14:47    NE
26   0,5   2,3   23:49  -0,8   16:19  17,8   0,0   5,8   0,0   4,5   23:43     N
27   3,9   4,5   21:04   2,1   00:17  14,4   0,0   3,8   0,7   8,0   17:44     E
----------------------------------------------------------------------------------
     2,8   9,1     4    -5,5     1   414,3   0,0  29,4   0,5  10,7    23     ENE

Max >=  27,0:  0
Max <=   0,0:  0
Min <=   0,0: 16
Min <= -18,0:  0
Max Rain: 5,8 on day 26
Days of Rain: 19 (>= 0,2 mm)  6 (>= 2,0 mm)  0 (>= 20,0 mm)
Heat Base: 18,3  Cool Base: 18,3  Method: Integration