NOAA-Style Climate Reports

Annual Climatological Summary for 2018 Name: Nikis weather station City: Inkoo State: Finland Elevation: 15 m Lat: N 60 03' 16" Lon: E 024 01' 29" Temperature (C), Heat Base: 18,3 Cool Base: 18,3 Dep. Heat Cool Max Max Min Min Mean Mean From Deg Deg >= <= <= <= YR MO Max Min Mean Norm Days Days Hi Date Low Date 27,0 0,0 0,0 -18,0 ------------------------------------------------------------------------------------ 18 1 -0,5 -4,4 -2,2 0.0 635 0 3,9 1 -14,1 21 0 18 25 0 18 2 -4,8 -12,1 -8,5 0.0 747 0 1,4 2 -23,6 22 0 24 28 8 18 3 -0,1 -9,8 -4,8 0.0 713 0 5,7 25 -21,3 1 0 13 30 3 18 4 10,1 -0,3 4,4 0.0 416 0 17,3 20 -9,5 4 0 0 13 0 18 5 21,2 5,0 13,7 0.0 178 34 29,3 15 0,9 9 4 0 0 0 18 6 20,6 8,1 14,9 0.0 124 23 26,3 3 0,6 7 0 0 0 0 18 7 26,1 14,1 20,4 0.0 43 106 32,8 17 7,2 1 18 0 0 0 18 8 22,8 11,3 17,2 0.0 81 46 31,1 2 5,6 14 5 0 0 0 18 9 19,8 10,9 15,1 0.0 52 5 24,4 8 7,1 14 0 0 0 0 18 10 18 11 18 12 ------------------------------------------------------------------------------------ 12,8 2,5 7,8 0.0 2993 215 32,8juli -23,6 feb. 27 55 96 11 Precipitation (mm) Dep. Max Days of Rain From Obs. >= YR MO Total Norm Day Date 0,2 2,0 20,0 --------------------------------------------- 18 1 32,6 0.0 12,4 25 11 5 0 18 2 0,4 0.0 0,2 2 2 0 0 18 3 9,8 0.0 7,4 13 8 1 0 18 4 24,8 0.0 6,2 3 13 3 0 18 5 12,8 0.0 6,8 2 4 2 0 18 6 24,8 0.0 7,8 21 6 5 0 18 7 31,2 0.0 14,6 3 7 2 0 18 8 53,0 0.0 14,8 20 13 7 0 18 9 25,4 0.0 10,8 11 8 4 0 18 10 18 11 18 12 --------------------------------------------- 214,8 0.0 14,8 aug. 72 29 0 Wind Speed (m/s) Dom YR MO Avg. Hi Date Dir ------------------------------ 18 1 0,3 11,6 16 NE 18 2 0,1 7,2 13 N 18 3 0,2 8,9 24 NNE 18 4 0,2 10,7 21 W 18 5 0,1 8,0 7 E 18 6 0,8 9,8 5 W 18 7 0,3 7,2 18 ENE 18 8 0,2 8,5 6 NE 18 9 1,1 10,7 12 ENE 18 10 18 11 18 12 ------------------------------ 0,4 11,6 jan. NE